166
Convert 1101011110111100 (base 2) to base 9.
83674
Convert -214421a (base 11) to base 7.
-44013240
-12460322 (base 8) to base 16
-2a60d2
What is 10111110000011010 (base 2) in base 8?
276032
What is -43220300 (base 6) in base 13?
-3598bc
What is 105712 (base 8) in base 2?
1000101111001010
-1421373 (base 9) to base 3
-1110201102110
What is -2134324 (base 8) in base 16?
-8b8d4
-805e40 (base 15) to base 10
-6095085
-21011011202 (base 3) to base 7
-1124366
Convert 2922192 (base 10) to base 13.
7b4110
Convert 42014220 (base 5) to base 8.
1241547
Convert 19b12 (base 13) to base 2.
1100010000100000
Convert c4a (base 15) to base 11.
2099
What is -6b1c9 (base 14) in base 13?
-91a90
Convert -442420334 (base 5) to base 12.
-7871ba
What is -3287732 (base 9) in base 15?
-24e958
Convert -330030212 (base 4) to base 7.
-2044565
c2a2b (base 15) to base 3
1011022201212
Convert 22936 (base 14) to base 11.
58234
Convert 204515564 (base 7) to base 16.
b87540
-104de2 (base 15) to base 2
-10111101011101001100
-27008 (base 13) to base 12
-35b65
Convert 2342355 (base 6) to base 16.
1de1f
Convert 5020002 (base 7) to base 8.
2206231
-2333110233 (base 4) to base 15
-1072e3
1311122130 (base 4) to base 9
812630
What is 122ac (base 16) in base 7?
426642
-1110110010111010101101 (base 2) to base 12
-1370665
Convert -100222211 (base 4) to base 15.
-1535b
Convert -3b857 (base 14) to base 6.
-3052525
174c68 (base 13) to base 11
3683a2
Convert 1021020001222201 (base 3) to base 13.
39caa68
Convert 153827 (base 11) to base 9.
404158
What is -31502142 (base 6) in base 8?
-3420216
What is -996b64 (base 12) in base 14?
-47676c
What is -103032233 (base 4) in base 7?
-445433
Convert -153460 (base 8) to base 2.
-1101011100110000
2065204 (base 7) to base 13
8a63a
What is 2814717 (base 11) in base 9?
10115161
Convert -1212b59 (base 13) to base 9.
-11481561
Convert -120230142 (base 5) to base 15.
-ae6d2
Convert 1011203001 (base 4) to base 12.
118a29
What is 62b828 (base 15) in base 10?
4696463
12114 (base 9) to base 6
101321
2012234030 (base 5) to base 2
1111010110011111001001
Convert -321130123300 (base 4) to base 13.
-3173275
What is 4130142 (base 5) in base 6?
1240415
What is -112121110011 (base 3) in base 2?
-1000110001101000010
Convert 2a7b98 (base 12) to base 13.
1c224b
10011011010101111001 (base 2) to base 3
1012022210222
1c0ba40 (base 13) to base 5
4340330414
Convert 76875 (base 9) to base 13.
1a2b5
What is -373476 (base 8) in base 13?
-46840
451663 (base 7) to base 3
11001121211
Convert 247aa (base 15) to base 16.
1c705
What is -2220816 (base 11) in base 12?
-137a403
What is -dd9a9 (base 15) in base 16?
-abeb8
-1508783 (base 9) to base 13
-2322c3
Convert a1913 (base 12) to base 13.
749c7
Convert -2410385 (base 9) to base 7.
-14046314
1113013212 (base 4) to base 7
3014226
Convert 1fcfd (base 16) to base 12.
634a5
55163 (base 8) to base 4
11221303
What is -110130021 (base 4) in base 13?
-2c151
Convert -2010100210000 (base 3) to base 5.
-242112214
-520313 (base 9) to base 13
-aa622
Convert 194839 (base 10) to base 11.
123427
Convert 1011001110000000 (base 2) to base 16.
b380
4096 (base 15) to base 4
3111021
What is -155611400 (base 7) in base 15?
-ddd2e8
What is 430603 (base 14) in base 11?
1309857
Convert -607705 (base 11) to base 8.
-3563133
Convert -1ad17 (base 16) to base 12.
-5369b
What is 2547554 (base 9) in base 3?
2121121121211
Convert -19668b (base 12) to base 6.
-13324255
-3d878 (base 16) to base 15
-4ea19
What is -ba765 (base 16) in base 9?
-1383600
What is -540721 (base 8) in base 4?
-230013101
What is -7540 (base 15) in base 4?
-12003222
723da (base 14) to base 4
1003023230
-4b13bb (base 13) to base 14
-34cac9
Convert -1043032 (base 5) to base 15.
-5747
What is 15202000 (base 6) in base 10?
529200
What is 62eca (base 15) in base 11?
1a487a
Convert 27057222 (base 8) to base 13.
133c487
What is 302230441 (base 6) in base 9?
10621807
What is -111111110111110111111 (base 2) in base 3?
-10221100001012
What is 7a729 (base 13) in base 7?
1616324
What is 840531 (base 10) in base 15?
1190a6
Convert -104c1 (base 16) to base 7.
-365421
Convert 1410323203 (base 5) to base 9.
6703766
What is -587a117 (base 11) in base 7?
-153140542
Convert 113032112 (base 5) to base 9.
868233
1012350 (base 12) to base 2
1011011111000001101100
-355513 (base 7) to base 12
-31324
Convert 3451414 (base 6) to base 5.
21143142
What is 1165730 (base 10) in base 15?
180605
What is -150b1 (base 13) in base 11?
-27902
What is 335a8e (base 15) in base 2?
1001010101111101101011
Convert 8123 (base 9) to base 11.
4505
Convert -210645 (base 8) to base 4.
-101012211
Convert -18d392 (base 16) to base 9.
-3048766
Convert 2165a62 (base 12) to base 14.
bb6150
What is -185644 (base 10) in base 7?
-1402144
10110001222112 (base 3) to base 16
1bf41c
Convert -a06331 (base 11) to base 2.
-110001011001111001101
Convert 53704413 (base 8) to base 12.
3a2940b
What is -110405115 (base 6) in base 4?
-13212101213
Convert 354a53 (base 11) to base 10.
562950
Convert -7433897 (base 10) to base 2.
-11100010110111010101001
-52961 (base 10) to base 5
-3143321
Convert -506027 (base 11) to base 7.
-6625023
Convert -227956 (base 12) to base 16.
-86e92
315445 (base 12) to base 4
2331210311
101111001010110000111101 (base 2) to base 4
233022300331
Convert -4215244 (base 6) to base 9.
-341651
What is 2498c (base 13) in base 3?
10102122202
-1141123145 (base 6) to base 7
-214641524
What is -2022120101112 (base 3) in base 9?
-2276345
What is 4224442 (base 5) in base 12?
34a52
What is 1220110122 (base 4) in base 7?
3426513
Convert 57963 (base 11) to base 13.
2c11c
184120 (base 13) to base 11
386412
What is 661516 (base 7) in base 14?
3030d
-414654 (base 7) to base 8
-213246
-140150354 (base 6) to base 13
-77695c
-11101110010010110 (base 2) to base 3
-20012100202
What is 7c9d21 (base 16) in base 4?
133021310201
Convert -210112001002212 (base 3) to base 13.
-24a5749
What is -3975486 (base 11) in base 12?
-2375b1a
448056 (base 9) to base 7
2165166
Convert 672586 (base 9) to base 11.
255172
What is -122136 (base 11) in base 12?
-93943
What is -221012200021 (base 3) in base 14?
-ccb9b
Convert -102013120 (base 4) to base 14.
-1d080
Convert 51521036 (base 8) to base 10.
10920478
Convert 714a2 (base 14) to base 5.
32210312
7682b2 (base 13) to base 6
135433340
Convert -133303121303 (base 4) to base 13.
-195b957
111001001110111111001 (base 2) to base 13
508844
Convert -24266413 (base 9) to base 10.
-11853876
Convert 6236c3 (base 13) to base 10.
2292644
-72176 (base 9) to base 8
-134657
64a27 (base 14) to base 9
410868
Convert -32134 (base 7) to base 3.
-101220221
What is -3816d (base 14) in base 11?
-94334
Convert -829359 (base 12) to base 10.
-2048181
Convert -7c523 (base 13) to base 3.
-102112121112
-408c2c (base 13) to base 6
-52130422
What is -2dc62 (base 15) in base 16?
-241cd
Convert 333012213 (base 4) to base 13.
90855
6fba08 (base 16) to base 13
1694a20
Convert -14a2425 (base 15) to base 2.
-111000111111111101101100
What is -160057 (base 9) in base 2?
-11000000010100011
60680c (base 15) to base 10
4578312
What is -665239 (base 12) in base 13?
-44c373
Convert 10021403 (base 5) to base 3.
11001012021
-101000110101100111011 (base 2) to base 5
-320310141
What is 220102011012 (base 3) in base 15?
9759e
What is -84fd8 (base 16) in base 14?
-102732
What is -13441100 (base 5) in base 14?
-3910a
Convert 2232a (base 12) to base 2.
1011000101010010
10221012001112 (base 3) to base 15
2b443e
What is 146992 (base 11) in base 13?
801a4
256626 (base 12) to base 2
10010101100011111110
-133123110332 (base 4) to base 16
-7db53e
What is -1102302002 (base 4) in base 14?
-8b7d8
What is 1201021122 (base 3) in base 2?
1000001111001100
-5367284 (base 10) to base 6
-311012312
12502264 (base 7) to base 3
2011002212111
Convert 10826068 (base 9) to base 13.
1128092
Convert -97140 (base 10) to base 11.
-66a8a
50a9b5 (base 15) to base 7
44402255
21003424 (base 5) to base 15
3610e
Convert 11222321 (base 5) to base 7.
602112
357ba (base 15) to base 8
515004
115044 (base 6) to base 10
10180
-4b6259 (base 15) to base 6
-205252503
32324241 (base 5) to base 16
43955
Convert 152fbe (base 16) to base 6.
45432050
-1359612 (base 10) to base 5
-322001422
-33079 (base 11) to base 16
-bb